is divided by 52?
12
Calculate the remainder when 1774061 is divided by 141.
140
Calculate the remainder when 177282 is divided by 40.
2
What is the remainder when 549806 is divided by 61088?
14
What is the remainder when 9942 is divided by 174?
24
What is the remainder when 11559 is divided by 47?
44
What is the remainder when 8917 is divided by 1023?
733
Calculate the remainder when 14218 is divided by 1288.
50
What is the remainder when 4737 is divided by 2353?
31
What is the remainder when 6954 is divided by 434?
10
Calculate the remainder when 99 is divided by 63.
36
What is the remainder when 10053 is divided by 718?
1
What is the remainder when 2608 is divided by 16?
0
What is the remainder when 13060 is divided by 421?
9
What is the remainder when 8961 is divided by 2970?
51
Calculate the remainder when 107319 is divided by 135.
129
What is the remainder when 3057 is divided by 1?
0
What is the remainder when 92509 is divided by 39?
1
What is the remainder when 17662 is divided by 46?
44
Calculate the remainder when 77493 is divided by 1934.
133
What is the remainder when 9383 is divided by 662?
115
Calculate the remainder when 13572 is divided by 12.
0
Calculate the remainder when 10753 is divided by 112.
1
Calculate the remainder when 455727 is divided by 21.
6
What is the remainder when 4358 is divided by 2168?
22
Calculate the remainder when 55114 is divided by 27554.
6
What is the remainder when 21124 is divided by 2110?
24
Calculate the remainder when 11007 is divided by 851.
795
What is the remainder when 135915 is divided by 2157?
24
What is the remainder when 65194 is divided by 767?
766
Calculate the remainder when 25806 is divided by 994.
956
What is the remainder when 2154 is divided by 24?
18
What is the remainder when 33783 is divided by 11229?
96
Calculate the remainder when 18205 is divided by 22.
11
What is the remainder when 1512286 is divided by 177?
175
Calculate the remainder when 5715 is divided by 126.
45
Calculate the remainder when 5464 is divided by 348.
244
Calculate the remainder when 18196 is divided by 1564.
992
What is the remainder when 139274 is divided by 151?
52
What is the remainder when 1090699 is divided by 20?
19
What is the remainder when 19476 is divided by 240?
36
Calculate the remainder when 67205 is divided by 1371.
26
Calculate the remainder when 12640 is divided by 2843.
1268
What is the remainder when 132352 is divided by 162?
160
What is the remainder when 9949 is divided by 1650?
49
What is the remainder when 136 is divided by 33?
4
What is the remainder when 38860 is divided by 418?
404
What is the remainder when 12903 is divided by 2146?
27
Calculate the remainder when 34624 is divided by 104.
96
What is the remainder when 44801 is divided by 131?
130
What is the remainder when 3418 is divided by 1986?
1432
Calculate the remainder when 65848 is divided by 49.
41
What is the remainder when 7354 is divided by 1469?
9
Calculate the remainder when 97431 is divided by 1282.
1281
Calculate the remainder when 8596 is divided by 128.
20
What is the remainder when 91110 is divided by 268?
258
Calculate the remainder when 79841 is divided by 13.
8
What is the remainder when 933 is divided by 236?
225
What is the remainder when 5843 is divided by 470?
203
What is the remainder when 24981 is divided by 1135?
11
What is the remainder when 367470 is divided by 86?
78
Calculate the remainder when 4430 is divided by 685.
320
What is the remainder when 48111 is divided by 30?
21
What is the remainder when 82726 is divided by 534?
490
What is the remainder when 26305 is divided by 104?
97
What is the remainder when 3431 is divided by 487?
22
What is the remainder when 128645 is divided by 87?
59
Calculate the remainder when 69164 is divided by 435.
434
Calculate the remainder when 13658 is divided by 514.
294
Calculate the remainder when 157173 is divided by 376.
5
What is the remainder when 2626 is divided by 328?
2
What is the remainder when 11769 is divided by 2919?
93
What is the remainder when 5341 is divided by 55?
6
What is the remainder when 2849 is divided by 560?
49
Calculate the remainder when 890052 is divided by 513.
510
Calculate the remainder when 20764 is divided by 10380.
4
Calculate the remainder when 32992 is divided by 68.
12
Calculate the remainder when 46276 is divided by 6.
4
What is the remainder when 22933 is divided by 22924?
9
Calculate the remainder when 14697 is divided by 128.
105
Calculate the remainder when 1643 is divided by 542.
17
Calculate the remainder when 4001 is divided by 91.
88
What is the remainder when 1295978 is divided by 86398?
8
What is the remainder when 249661 is divided by 6569?
39
What is the remainder when 2602 is divided by 630?
82
Calculate the remainder when 13072 is divided by 37.
11
Calculate the remainder when 11228 is divided by 5.
3
What is the remainder when 105648 is divided by 52823?
2
What is the remainder when 13463 is divided by 3358?
31
What is the remainder when 36117 is divided by 632?
93
Calculate the remainder when 13922 is divided by 870.
2
What is the remainder when 301715 is divided by 43092?
71
What is the remainder when 3802677 is divided by 56?
53
What is the remainder when 527338 is divided by 218?
214
Calculate the remainder when 1673 is divided by 151.
12
What is the remainder when 945931 is divided by 209?
206
Calculate the remainder when 32075 is divided by 132.
131
Calculate the remainder when 19062 is divided by 13.
4
What is the remainder when 9239 is divided by 272?
263
What is the remainder when 45828 is divided by 833?
13
Calculate the remainder when 4879 is divided by 972.
19
Calculate the remainder when 16139 is divided by 30.
29
Calculate the remainder when 97182 is divided by 19436.
2
What is the remainder when 354 is divided by 336?
18
Calculate the remainder when 8539 is divided by 391.
328
What is the remainder when 21836 is divided by 31?
12
What is the remainder when 11328 is divided by 1046?
868
What is the remainder when 126538 is divided by 1318?
10
What is the remainder when 414848 is divided by 45?
38
Calculate the remainder when 167170 is divided by 105.
10
Calculate the remainder when 9742 is divided by 165.
7
What is the remainder when 3767 is divided by 1211?
134
What is the remainder when 6836 is divided by 1345?
111
Calculate the remainder when 122646 is divided by 23.
10
Calculate the remainder when 24212 is divided by 749.
244
Calculate the remainder when 264382 is divided by 605.
602
Calculate the remainder when 498619 is divided by 124653.
7
What is the remainder when 2163 is divided by 21?
0
What is the remainder when 89698 is divided by 89691?
7
Calculate the remainder when 4809 is divided by 51.
15
What is the remainder when 1078 is divided by 40?
38
What is the remainder when 2497 is divided by 148?
129
Calculate the remainder when 18391 is divided by 99.
76
Calculate the remainder when 9296 is divided by 133.
119
What is the remainder when 400 is divided by 18?
4
What is the remainder when 2137 is divided by 928?
281
Calculate the remainder when 11749 is divided by 235.
234
Calculate the remainder when 622267 is divided by 168.
163
Calculate the remainder when 28433 is divided by 3547.
57
Calculate the remainder when 28180 is divided by 522.
514
Calculate the remainder when 17158 is divided by 44.
42
Calculate the remainder when 53503 is divided by 76.
75
Calculate the remainder when 55716 is divided by 11066.
386
Calculate the remainder when 34707 is divided by 17.
10
What is the remainder when 186579 is divided by 868?
827
What is the remainder when 3678611 is divided by 84?
83
Calculate the remainder when 76695 is divided by 902.
25
Calculate the remainder when 12640 is divided by 47.
44
What is the remainder when 192676 is divided by 31?
11
What is the remainder when 1616235 is divided by 39?
36
Calculate the remainder when 1285587 is divided by 123.
114
Calculate the remainder when 9748 is divided by 281.
194
Calculate the remainder when 14832 is divided by 7.
6
Calculate the remainder when 19775 is divided by 89.
17
What is the remainder when 79124 is divided by 28?
24
Calculate the remainder when 12566 is divided by 85.
71
Calculate the remainder when 244159 is divided by 813